 be q(-8). Suppose h + 4*h - c = 0. List the prime factors of h.
3
Suppose -7 = -2*i - 3. Suppose i*t = -4*k + 58, 2*k - 2*t - 33 = -k. Let p = k - 0. What are the prime factors of p?
13
Suppose -3*z + 2*z = 45. Let t = z - -68. Let y = t - 14. What are the prime factors of y?
3
Suppose h + 26 = 2*h. Suppose 3*n + h = 65. List the prime factors of n.
13
Let q(i) = 4*i - 1. Let d(v) = v**2 - 3*v + 2. Let k be d(3). Let r = 4 - k. List the prime factors of q(r).
7
Let w = 9 - 9. List the prime factors of (-60)/(-4) - (w + 0).
3, 5
Let j be 18/1 - 16/(-4). Suppose -w = -2 - 0. Suppose 18 + w = 3*z + 4*a, 3*z = -2*a + j. What are the prime factors of z?
2
Let w = -39 - -50. What are the prime factors of w?
11
Suppose -11 = -3*r - 32. Let x = 20 - r. List the prime factors of x.
3
Let o(h) = h**2 + 3*h - 5. Let r be o(-5). Suppose -r*i = -i - 20. List the prime factors of i.
5
What are the prime factors of (17 - 14)*(12 + -2 + 1)?
3, 11
What are the prime factors of (7 + -3)/((-4)/(-6))?
2, 3
Suppose -5*k - 230 + 15 = 0. Let j = -17 - k. List the prime factors of j.
2, 13
Let k = 95 + -68. What are the prime factors of k?
3
Suppose -28 = 3*r - 1. List the prime factors of 3/((-1)/(33/r)).
11
Let t = -146 - -341. List the prime factors of t.
3, 5, 13
Suppose 4*s - 23 = 2*s + 3*i, -i - 21 = -4*s. Suppose y - j - 3 = -3*j, -s*y + 5*j = -38. What are the prime factors of y?
7
Let c = 0 - -5. Suppose -c*u + 21 + 4 = 0. Suppose 15 = -u*k + 5*n, 8 + 17 = 5*n. List the prime factors of k.
2
Let g = 11 + -8. Suppose 113 = 5*a + f, 0*a + g*a + 3*f - 75 = 0. What are the prime factors of a?
2, 11
Let w(q) = q - 3. Let d be w(-7). Let l = 21 + d. List the prime factors of l.
11
Let q = -12 - -44. List the prime factors of q.
2
Let j be 0 - (-12 + 1 - 1). Suppose -5*k = -3*h - j, 2 = -0*h + 2*h. List the prime factors of (-2)/k*102/(-4).
17
Let v(i) = -3 + 3 - 3 + 11*i - i. What are the prime factors of v(2)?
17
Let m(i) = 18*i + 0 - 3 - 5 + 1. List the prime factors of m(3).
47
Let w(j) = -14*j - 9*j - 15*j + 24*j - j**2. List the prime factors of w(-11).
3, 11
Let l(k) = -k**3 + k**2 - k + 3. List the prime factors of l(-4).
3, 29
Suppose 3*j - 12 = -j. Suppose 5*z - 3 = -j*n + 44, -2*n = -8. List the prime factors of z.
7
Let n(l) be the second derivative of l**5/20 + 3*l**4/4 - l**3/3 - 6*l**2 + 3*l. Let y be n(-9). List the prime factors of (-189)/(-7)*2/y.
3
Let z be ((-12)/10)/((-3)/(-15)). Let m be 1/(-2) + (-9)/z. Let c(o) = 15*o. What are the prime factors of c(m)?
3, 5
What are the prime factors of (15/15)/((-1)/(1 + -4))?
3
Suppose v + 2 = 17. What are the prime factors of v?
3, 5
Let u be (-82)/(-4) - 3/2. Suppose -4*q - m + u = 0, -4*m + 6 + 6 = 0. Suppose -q*p - 18 = -62. What are the prime factors of p?
11
Suppose -5*y - 5*x - 124 = -509, -3*y + x = -211. Suppose -5*v = -4*c - v + y, 0 = -3*v - 12. List the prime factors of c.
2, 7
Let f(r) = 3*r + 25. List the prime factors of f(10).
5, 11
Let u(q) = 2 + 3*q + 2 + 0 - 2*q. Let y be u(-4). Let p = 5 - y. List the prime factors of p.
5
Suppose 0*c = 3*c + p - 14, 4*c = p + 14. Let m(b) = b - 5. Let o be m(c). List the prime factors of 1/((1/(-12))/o).
2, 3
Let g be 1/((-1)/12*-3). Suppose -4 = g*u - 72. Suppose 2*w = -m + u, 2*m - 28 = -4*w - 2*m. List the prime factors of w.
2, 5
Let p(t) = 14*t + 30. What are the prime factors of p(7)?
2
Let j = -1 - 4. What are the prime factors of -4*j/2*1?
2, 5
Suppose -3*p - 2 = -17. Suppose -p*v + 2*v + 45 = 0. List the prime factors of v.
3, 5
Let h(j) = -15*j**2 + 12*j - 11. Let w(o) = -4*o**2 + 3*o - 3. Let a(b) = -6*h(b) + 22*w(b). What are the prime factors of a(5)?
2, 5
Let d = -14 - -18. Suppose -d*y + 14 = -14. What are the prime factors of y?
7
Suppose 36 = i - 105. What are the prime factors of i?
3, 47
Let y = -68 - -167. List the prime factors of y.
3, 11
Let k be -4*-3*(-4)/6. Suppose 0 = -3*c + 25 + 29. Let p = k + c. List the prime factors of p.
2, 5
Suppose 0 = 2*b + 2*b + 5*o + 19, -2*b = -2*o + 14. Let g = 8 + b. What are the prime factors of g?
2
Suppose -10 = t - 3*t. Suppose -4*y - 3*m + 32 = 0, 4 = -t*y + m + 44. List the prime factors of y.
2
Let z(r) = -r - 1. Let c be z(-4). Suppose -h = -c*h + 70. List the prime factors of h.
5, 7
Let m = 13 - 7. What are the prime factors of (-10)/15 + 52/m?
2
Suppose c = 62 - 19. What are the prime factors of c?
43
Let p(v) = -v - 9. Let t be p(-5). List the prime factors of (-1)/t*(-3 + 15).
3
Suppose 6*i + 39 = 7*i. List the prime factors of i.
3, 13
Suppose -3*y - 20 = 5*c, -c + 29 = -5*c - 5*y. Let i = 4 + c. List the prime factors of (-2)/(i/3) - -6.
2
Suppose -2*m - 52 = 2*m. Let x = m - -28. What are the prime factors of x?
3, 5
What are the prime factors of 7*(96/21 + -2)?
2, 3
Suppose 0 = -2*s + 2*m + 168, 5*s + 2*m - 420 = 4*m. What are the prime factors of s?
2, 3, 7
Suppose -4*y - 15 = m, m - 2*y - 5 = 2*m. Suppose m = -3*t + 4*t. Suppose -25 = -2*h + 7*k - 2*k, 4*h + 5*k = t. What are the prime factors of h?
5
Suppose -4*n = c - 177, -c + 2 - 5 = 0. What are the prime factors of n?
3, 5
Suppose 0 = 3*g + g - 80. Suppose -5*y - g = -200. What are the prime factors of y?
2, 3
Let l = 92 - 50. List the prime factors of l.
2, 3, 7
Let h be 11/2 - (-1)/(-2). Suppose 23 = -h*l + 113. List the prime factors of l.
2, 3
Suppose -5*m + 12 + 3 = 0. Suppose -4*l - 4 = -5*q + q, 5*l = m*q - 3. What are the prime factors of (-1 - -3)*(q - -1)?
2
Let j = -16 + 45. What are the prime factors of j?
29
What are the prime factors of (-25)/(-3) - (-6)/9?
3
Suppose -3*o + 1 = -2*o. List the prime factors of 8*1*4/o.
2
Let o = -4 + 7. Suppose 6 = -b + 5*u, -2*b - 26 = -7*b - o*u. What are the prime factors of b?
2
Suppose -5*p = -3*n - n + 137, -3*n = 2*p - 120. Let u = n + -20. What are the prime factors of (u/4)/(2/8)?
2, 3
Let l(g) = -g**2 - 5*g + 3. Let r be l(-8). Let k be (-1)/3 + (-637)/r. Suppose -4*q = -20, -h = 6*q - 2*q - k. List the prime factors of h.
2, 5
Suppose -64 = -0*u - 2*u. List the prime factors of u.
2
Let f(l) = l**3 + 6*l**2 - 6*l - 4. Let a be f(-5). Let b = 87 - a. What are the prime factors of b?
2, 3
Suppose 0 = -2*v + 4*y + 14, 5*y = y - 8. Suppose 2*s - 2 = -v*s - 4*q, -3*q + 17 = -4*s. List the prime factors of (-34)/(-8) - s/(-8).
2
Suppose 10 = 5*h, 2*s + h - 2*h - 22 = 0. Suppose 0 = -n - n + s. List the prime factors of n.
2, 3
Let n(b) = b**3 - 10*b**2 + 9*b + 10. Let j be 1 + (11 - 2 - 1). What are the prime factors of n(j)?
2, 5
Let d(k) = -100*k + 4. List the prime factors of d(-1).
2, 13
Let m = -3 - -3. Let f be 3 + m*3/(-6). Suppose -g = -p - 8, -f*g + 25 = -0*p - 4*p. What are the prime factors of g?
7
Let x(g) = -23*g - 3. Let r be x(-4). Suppose 2*t = -4*u + 12, 5*u + r = 4*t - 0*t. Suppose 6*w - t = 2*w. What are the prime factors of w?
2
Suppose 17 = q - 3*w, w - 2 = -0. List the prime factors of q.
23
Let l(t) = -t**2 + t + 2. Let b be l(0). Suppose b*p + 2*p = 4. What are the prime factors of -1 - -7*p*1?
2, 3
Suppose 3*d = -5*h + 750, 2*h + 2*d - 316 = 4*d. List the prime factors of h.
3, 17
Let u = -65 + 27. Let q = -24 - u. What are the prime factors of q?
2, 7
Let z(q) = -q**2 - 12*q + 11. Let y = -33 + 21. List the prime factors of z(y).
11
Suppose 0 = -3*r + 48 + 126. What are the prime factors of r?
2, 29
Let p be 2 + -4 + -3 + 7. Suppose -5*f - 3*d + 57 = -21, -2*d + p = 0. What are the prime factors of f?
3, 5
Let p(w) = w**2 - 2. Let f be p(2). Suppose u + 12 = -2*m - m, f*u = -5*m - 19. Suppose -u*s + 1 = -11. What are the prime factors of s?
2
Suppose 0*q + 4*q = 0. Suppose q = -5*g + 50. List the prime factors of g.
2, 5
Suppose 1170 = 18*y - 9*y. List the prime factors of y.
2, 5, 13
Suppose -4*p + 172 = 5*v, 5*p + v - 98 = 138. List the prime factors of p.
2, 3
Let k be (-28)/(-6) - (-4)/(-6). Suppose 5*f - 38 = f - 2*y, -3*f + 12 = -k*y. List the prime factors of f.
2
Let t = -8 + -6. Let x = -7 - t. List the prime factors of x.
7
Suppose 4*s = 7*s - 153. List the prime factors of s.
3, 17
Let r(w) = -w**3 + 3*w**2 + w - 1. Let q be r(3). Suppose -13 = -5*s - 2*l + 50, 4*s = -q*l + 50. List the prime factors of s.
13
Let j = -23 + 28. Suppose j*a - 60 = 3*a. What are the prime factors of a?
2, 3, 5
Suppose -3*x + 26 = 2. Suppose 0 = 3